 -202101222 (base 5) in base 6?
-25252524
Convert -204361 (base 10) to base 4.
-301321021
4758 (base 14) to base 9
18036
What is -24349 (base 10) in base 2?
-101111100011101
Convert 993455 (base 10) to base 11.
619441
Convert -1554313 (base 8) to base 7.
-3546131
-196278 (base 15) to base 2
-100101101101101100101
-1101010101110011110000 (base 2) to base 12
-1207a14
Convert d3db19 (base 15) to base 4.
212122201230
What is 1202003102 (base 4) in base 6?
12335202
-99638 (base 14) to base 7
-3105401
What is 232056 (base 7) in base 15?
c499
Convert 100001120100102 (base 3) to base 12.
1741955
Convert -2626529 (base 10) to base 13.
-70c679
-862e (base 15) to base 3
-1102221122
Convert 657110 (base 9) to base 2.
1011111110001100100
Convert 34523223 (base 7) to base 8.
13440246
Convert -597b6b (base 12) to base 4.
-11200223003
What is -174ab (base 14) in base 3?
-2222022212
1128060 (base 11) to base 12
7b1680
542303 (base 9) to base 5
40320233
Convert -2146220 (base 7) to base 3.
-111101222022
3035252 (base 6) to base 9
240855
451165 (base 7) to base 8
233470
What is -31335657 (base 8) in base 4?
-121123232233
Convert 1240411 (base 5) to base 6.
305201
-99418 (base 14) to base 15
-74eeb
15a9495 (base 11) to base 7
32153034
What is 6438309 (base 10) in base 7?
105503403
248e3d (base 15) to base 2
110101011100110100010
What is -365ab7 (base 14) in base 7?
-21544120
Convert 2121214021 (base 5) to base 7.
53021650
Convert 133350 (base 8) to base 13.
1840b
What is 605631 (base 8) in base 16?
30b99
What is 53a05 (base 11) in base 16?
1324d
128266 (base 9) to base 12
39329
What is 552041 (base 8) in base 15?
39dd7
What is -2230780 (base 10) in base 11?
-1294022
51445677 (base 8) to base 11
6174117
What is 10330462 (base 9) in base 14?
938d11
102020101122 (base 3) to base 15
457ee
What is 21324107 (base 8) in base 6?
241502315
What is c85d (base 16) in base 4?
30201131
Convert -3397b9 (base 13) to base 9.
-2260400
What is 177a0b (base 12) in base 4?
1203133223
What is -592a3 (base 16) in base 5?
-43141334
What is -13144240 (base 5) in base 14?
-35b51
-4370011 (base 8) to base 15
-1834ab
Convert 334b (base 12) to base 2.
1011000101011
11212000110200 (base 3) to base 12
a44453
6563 (base 12) to base 8
25633
-1825b0 (base 12) to base 11
-266905
What is 452a3 (base 11) in base 16?
10026
Convert -100031200113 (base 4) to base 7.
-51056400
Convert -3151145 (base 6) to base 2.
-100101101110001001
What is -14da6 (base 16) in base 8?
-246646
Convert 13781a (base 14) to base 11.
420321
-100055 (base 7) to base 5
-1014342
What is -2124631 (base 7) in base 14?
-6a351
What is 2001230 (base 4) in base 13?
3a16
-333422223 (base 5) to base 15
-1deac8
533c5 (base 15) to base 11
170480
-274743 (base 8) to base 15
-1d9e4
60527 (base 8) to base 2
110000101010111
Convert 2102668 (base 11) to base 14.
6c7271
24120324 (base 5) to base 10
223214
Convert 1131430 (base 7) to base 5.
14022334
What is -56673513 (base 8) in base 14?
-18bb471
Convert -10330341143 (base 5) to base 9.
-23035411
Convert 76c472 (base 15) to base 4.
111212003102
What is -44a40b (base 12) in base 14?
-207679
What is -11323310223 (base 4) in base 15?
-20ae70
130400431 (base 6) to base 11
1492410
101101000100010010 (base 2) to base 3
100101012211
Convert -15719b0 (base 13) to base 7.
-112352620
Convert -336c36 (base 16) to base 8.
-14666066
Convert -125469 (base 13) to base 12.
-192883
What is 1010011110111101011 (base 2) in base 14?
8d29d
What is -5c7c (base 14) in base 2?
-11111100110110
Convert 163b68 (base 13) to base 8.
2064433
What is 4319727 (base 12) in base 8?
60432717
What is -20011200200 (base 3) in base 16?
-1daae
11011000010110101 (base 2) to base 8
330265
-4215116 (base 9) to base 12
-9085b0
What is -202000022110 (base 3) in base 14?
-a378c
Convert 2012210100222 (base 3) to base 14.
228c67
Convert 1331223242 (base 5) to base 11.
1a00727
What is 56a7a7 (base 12) in base 6?
45421131
What is 2741877 (base 10) in base 6?
134433513
-1000011001010001010 (base 2) to base 8
-1031212
87054 (base 10) to base 6
1511010
What is -15060136 (base 8) in base 3?
-20110101120012
6847881 (base 10) to base 15
904006
-20320321 (base 4) to base 13
-13759
Convert 35633345 (base 9) to base 2.
1000010010011110010100000
11120230313 (base 5) to base 10
12273833
Convert -182244 (base 16) to base 5.
-401103021
15637 (base 8) to base 2
1101110011111
What is 312110201 (base 4) in base 6?
4434025
What is 56575233 (base 8) in base 11?
6a0a555
Convert -2452105 (base 9) to base 13.
-378c14
41c0ea (base 15) to base 11
1847825
Convert -315057 (base 9) to base 8.
-556015
-1531b1 (base 14) to base 16
-b44b7
Convert 434b5 (base 16) to base 12.
113619
Convert -3539106 (base 12) to base 10.
-10280022
22202311210 (base 4) to base 13
75a1a7
Convert 6b2cc (base 15) to base 8.
1233015
Convert 2315314 (base 9) to base 5.
310003431
What is 512a41 (base 13) in base 14?
3732b1
Convert -1764031 (base 9) to base 4.
-3300333112
1205434104 (base 6) to base 2
110100010010001101111000
What is -42c435 (base 16) in base 15?
-5b6720
Convert -23330325 (base 8) to base 9.
-10520247
What is -1176052 (base 9) in base 14?
-129782
Convert 1022120002100 (base 3) to base 11.
438936
What is -2613430 (base 7) in base 2?
-1010010111101001011
Convert -28539a (base 11) to base 10.
-446357
Convert -813049 (base 10) to base 13.
-2260c3
-101011001100000101110 (base 2) to base 5
-330241324
What is e75ed (base 15) in base 10?
733723
350399 (base 10) to base 4
1111202333
-4b77b (base 13) to base 10
-139696
What is 62953 (base 10) in base 4?
33113221
Convert 676c2 (base 13) to base 12.
908b9
Convert -3042420 (base 5) to base 16.
-c247
-102013203 (base 6) to base 8
-6612543
What is -12b009 (base 12) in base 8?
-1134111
-839168 (base 12) to base 5
-1012144030
Convert 102033001110 (base 4) to base 16.
48f054
13472614 (base 8) to base 15
402233
Convert -2327300 (base 12) to base 4.
-121311123300
What is -5a3a6 (base 12) in base 8?
-355256
43527372 (base 8) to base 12
316b4a2
What is -101221010221 (base 3) in base 9?
-357127
What is 11570245 (base 8) in base 7?
30456104
What is 2751174 (base 9) in base 16?
170a13
122011012101 (base 3) to base 11
210775
Convert 41b1a (base 12) to base 9.
141314
880b9a (base 12) to base 14
402766
Convert 79584 (base 10) to base 2.
10011011011100000
Convert -13233233 (base 5) to base 11.
-91396
Convert -a1442 (base 15) to base 16.
-7ca7b
What is -1113366 (base 7) in base 15?
-2ada6
Convert 27879 (base 14) to base 12.
4866b
Convert 440a4 (base 13) to base 7.
1022041
What is -2597902 (base 11) in base 16?
-44853a
133200312010 (base 4) to base 7
130134352
What is 718516 (base 9) in base 7?
3423303
Convert 5c3b8 (base 13) to base 9.
277856
Convert -3029571 (base 11) to base 6.
-310451111
What is -13144324 (base 5) in base 6?
-2451250
Convert 12021110021 (base 3) to base 13.
38365
Convert -12132122 (base 4) to base 6.
-322442
-600513 (base 7) to base 3
-12010200100
Convert -1516506 (base 7) to base 8.
-623072
Convert 13000012200 (base 4) to base 2.
111000000000110100000
Convert -1323144 (base 10) to base 6.
-44205400
5015555 (base 6) to base 13
8348c
-12200120011000 (base 3) to base 6
-144441130
What is 161303043 (base 7) in base 4?
221133010311
Convert -200110010110 (base 3) to base 9.
-613113
-12ae1e9 (base 15) to base 6
-1200322103
-1496091 (base 10) to base 11
-932043
Convert -8966f (base 16) to base 10.
-562799
Convert -b4def1 (base 16) to base 4.
-231031323301
Convert -3b80ab (base 12) to base 4.
-3301112003
-1101161 (base 10) to base 3
-2001221111202
-33324314 (base 6) to base 2
-11110101110001010110
17a2c4 (base 14) to base 6
25520312
What is -155d533 (base 14) in base 4?
-213312221021
-634378 (base 10) to base 5
-130300003
What is 5b0c29 (base 13) in base 15?
2cdb69
What is -202510 (base 9) in base 11?
-82154
What is 3003312322 (base 4) in base 16?
c3dba
-20772d (base 16) to base 15
-2c0641
Convert 89156c (base 14) to base 8.
21576174
548927 (base 14) to base 10
2866535
What is -1101111110100100110010 (base 2) in base 9?
-6804268
-46407 (base 11) to base 4
-100113201
67745 (base 15) to base 16
50537
Convert 138080 (base 9) to base 4.
110222130
What is 13649398 (base 10) in base 12?
46a2b5a
Convert -43432320 (base 5) to base 4.
-1123111011
Wha